n divisor of 260 and q.
20
Let v be (0 + -2 - -5)*2. Suppose -k = 4*k - 10. Suppose -k*o + 126 = -2*b + 18, 4*o - b = 216. Calculate the highest common factor of v and o.
6
Suppose -13 = 3*q + 17. Let c = 8 + q. Let z = c + 194. What is the greatest common divisor of 24 and z?
24
Let y(t) = 13*t**3 - 3*t + 10. Let v be y(2). What is the greatest common factor of 162 and v?
54
Let k = 22 - 5. Let w = k + -2. Let b be (2 - 314/(-8))*4. Calculate the greatest common factor of b and w.
15
Let i(q) = q**2 - q + 6. Let l be i(3). What is the greatest common factor of l and 6?
6
Suppose m - 95 = 5*r, 7 = -2*m - 3. Let b be (30/r)/((-1)/22). What is the highest common factor of 11 and b?
11
Let c(r) = 12*r**2 + 7*r + 42. Let g be c(5). What is the highest common factor of 13 and g?
13
Let f = -1231 - -1327. Calculate the greatest common divisor of f and 12.
12
Let h be (1 + 1)/2 + 2. Let q(b) = 24*b - 256. Let p be q(11). Suppose h*m - 16 = p. Calculate the greatest common divisor of m and 1.
1
Let t = 63 - 7. Suppose k - 8 - 16 = 0. What is the greatest common divisor of k and t?
8
Suppose 7*w - 10 = 3*w + 2*r, w - 8 = -5*r. Let a be w*-2*(-77)/3. Suppose 0 = -1743*p + 1712*p + 434. Calculate the highest common divisor of p and a.
14
Let i be (1 - 0 - 3) + 26. Let w be ((-1)/(-4))/(25/1600). What is the highest common factor of w and i?
8
Suppose -26*a = -33*a + 112. What is the greatest common factor of 28 and a?
4
Suppose c = -18*c + 1140. Calculate the greatest common factor of c and 520.
20
Let r = 210 + -119. What is the highest common divisor of r and 78?
13
Let m(i) = -32*i + 328. Let h be m(8). What is the greatest common divisor of 243 and h?
9
Let j be (-4)/1 - (2 + -8). Suppose 0 = 2*c + 2*l - 68, -3*c + 2*l = -j*c - 22. Calculate the highest common divisor of c and 20.
10
Suppose -3*v + 104 = -c, c + 36 - 4 = v. Calculate the greatest common divisor of v and 4.
4
Let f(l) = -l**3 + 4*l**2 - 3*l + 3. Let c be f(3). Let o be 2 + (-9)/c - -158. Let j = o - 73. What is the greatest common divisor of j and 12?
12
Let f be ((-10)/(-30) + (-2)/6)/(-2). Let a(s) = -8*s - 4. Let c be a(-4). Suppose f = 2*m - 0*m - c. What is the greatest common factor of m and 21?
7
Let j(p) = 4*p**2 + 11*p + 7. Let d be j(-10). Let m = -1345 - -1372. What is the greatest common factor of d and m?
27
Let x(q) = -19*q - 4. Let a be x(-4). Calculate the highest common divisor of a and 612.
36
Suppose i - 4 = -6, 0 = -2*u - 2*i - 24. Let w = 6 - u. What is the highest common divisor of w and 144?
16
Suppose 6*f - 4*f - 92 = 0. Suppose -3*j = -3*v - j + 44, 3*v - f = 4*j. Let i be 2 - -58 - (-5 + 9). What is the greatest common divisor of v and i?
14
Let p be 2/(-7) - 998/(-14). Suppose 3*b - p - 4 = 0. Let v be (-52352)/(-256) - 27/6. Calculate the greatest common divisor of b and v.
25
Let f(p) = p**3 - 31*p**2 + 33*p - 54. Let t be f(30). Calculate the greatest common divisor of 63 and t.
9
Let b(p) = p**3 + 18*p**2 + 44. Let x be b(-18). What is the highest common divisor of x and 242?
22
Let g(j) = -j**3 + 7*j**2 - 11*j + 3. Let d be g(3). What is the greatest common factor of d and 102?
6
Suppose 3*o - 671 = 13*k - 14*k, 0 = -4*o - k + 895. What is the greatest common divisor of 21 and o?
7
Suppose m - 6 = -4. Suppose 4*d + 3 = 75. What is the greatest common divisor of m and d?
2
Let n = -135 - -249. Calculate the highest common divisor of 6 and n.
6
Let a(k) = -k**3 - 21*k**2 + k + 22. Suppose -5*n - 5*b - 125 = 0, -8*n + 2*b = -3*n + 97. Let s be a(n). What is the highest common divisor of 1 and s?
1
Let x be (88/110)/(3 - (-1132)/(-380)). Calculate the highest common divisor of 14 and x.
2
Let k be 30/(-4)*16/(-6). Let y = 59 + -61. Let z be 100*(15/6 + y). What is the highest common divisor of z and k?
10
Let s be 6023/7 + ((-72)/14)/(-9). Calculate the highest common factor of 41 and s.
41
Let k(p) = -30*p. Let t be k(-1). Suppose 3*u + t = 4*u. Let m be (-2 - (-33)/4)*12. What is the greatest common divisor of u and m?
15
Suppose -810 = 9*q - 36*q. What is the highest common factor of 210 and q?
30
Let r = 479 + -465. What is the highest common factor of r and 630?
14
Suppose -r = 3*n - 37, 4*r - 131 = 5*n - 0*n. What is the highest common factor of 2 and r?
2
Let c = -2515 + 3736. What is the greatest common divisor of 111 and c?
111
Suppose 2*r + 36 = 4*g, -2*g - 33*r = -37*r - 12. Calculate the highest common factor of g and 490.
10
Let f(t) = -6*t - 4. Let s be f(-6). Suppose 0 = -y + 5, 2*k + k + y - 17 = 0. Calculate the greatest common factor of k and s.
4
Let r(n) = n**3 - 35*n**2 + 33*n + 40. Let q be r(34). Calculate the highest common divisor of q and 150.
6
Let g = 7 - 1. Let w be (-789)/27 + 2/9. Let n = 47 + w. Calculate the highest common factor of n and g.
6
Let d(f) = 1. Let p(r) = -24*r - 18. Let k(m) = 6*d(m) + p(m). Let t be k(-5). What is the greatest common divisor of 12 and t?
12
Let i = 580 - 257. Calculate the highest common divisor of i and 19.
19
Suppose -1057 = 235*d - 228*d. Let u be -1 - (0 + 0) - 70. Let h = u - d. What is the greatest common factor of h and 10?
10
Suppose 12*a - 8554 - 7346 = 0. Calculate the highest common divisor of a and 159.
53
Suppose -f = -0 - 2. Suppose -s = -5*l + f, 2 = l + l. What is the highest common factor of 21 and s?
3
Let p = 383 - 375. Calculate the greatest common factor of p and 480.
8
Suppose -8*u + 10*u = 14. Suppose 4*x - 7*x + 63 = 0. Calculate the greatest common divisor of x and u.
7
Suppose 2*u + 12 = q - 12, -92 = -5*q - 4*u. Calculate the highest common divisor of 190 and q.
10
Let l be 1/((-7)/(-21))*5. Calculate the highest common factor of 120 and l.
15
Let n = -1034 + 1046. What is the greatest common factor of n and 32?
4
Let w be 1374/8 + 4/16. Suppose -4*n - 4*r = -172, 0*r + 2*r = -4*n + w. Suppose -2*v + n = 27. What is the highest common factor of v and 1?
1
Let s = 69 + -60. Suppose -f = -3*q + 215, -q - 75 = -2*q - 3*f. Calculate the greatest common divisor of s and q.
9
Let l(z) = z**2 + 3*z - 4. Let m be l(-10). Calculate the highest common divisor of 6 and m.
6
Let w be (3 + 64)*5/(-5). Let r be w/(-3)*3 - -1. Calculate the greatest common divisor of r and 51.
17
Let c = 80 - 78. Suppose -m + c*m - 19 = 0. Suppose -z + 4*z - 202 = -2*p, -p - 4*z + 111 = 0. Calculate the greatest common factor of p and m.
19
Let t = -302 + 374. Suppose 5*m - 19 = -o, o = 5*m - 3 + 2. Calculate the greatest common factor of o and t.
9
Let s be (7 + 902 - -4) + 1/(-1). What is the greatest common factor of 24 and s?
24
Suppose -5*q + 15 = 3*z, -6*z + 2*q = -z - 25. Suppose -z*p + 2 - 102 = -3*w, -4*w + 118 = p. What is the greatest common divisor of w and 50?
10
Let r be (0/5 - 6) + 658 + 3. What is the greatest common factor of 786 and r?
131
Let r be 2/2*335/(-5). Let a be r/(-4) - 1/(-4). Suppose 4*t = -3*p + 461, 4*t + 3*p - 4*p = 481. What is the highest common factor of a and t?
17
Let x be (-17)/((-51)/(-18))*-17. Let z be (-34)/(-3)*(-18)/(-3). Calculate the greatest common divisor of z and x.
34
Let v = -102 - -274. Let s be 6 + (3 + 1 + -4 - 1). Suppose 0 = s*t + 22 - v. What is the greatest common factor of 30 and t?
30
Suppose h + h - 302 = d, -427 = -3*h - 5*d. Let n = h - 21. Let c = -1407 - -1439. Calculate the highest common factor of c and n.
32
Let n(z) = z**3 - 3*z**2 + 3*z + 5. Let j be n(4). Let o(d) = d**3 + 24*d**2 + 142*d + 31. Let y be o(-14). What is the highest common factor of j and y?
3
Suppose 2*f = 4*f - 48. Let l be (f/15)/(6/15). Suppose 7*a - 45 - l = 0. What is the highest common divisor of 63 and a?
7
Let c(a) = 6*a + 2*a**2 - a**2 + 0*a. Let v(b) = -9*b + 105. Let h be v(13). Let k be c(h). Calculate the highest common factor of 48 and k.
24
Suppose 0 = o - 2*u - 0 + 13, 0 = -o + u - 8. Let p be (-1 + (-426)/(-18))*o/(-2). What is the greatest common divisor of p and 85?
17
Let r = 572 + -559. Calculate the greatest common divisor of r and 1664.
13
Let l(v) = -561*v**2 + 2*v - 1. Let d be l(1). Let a be (-2)/11 - d/55. What is the highest common factor of a and 160?
10
Suppose 3*q = -5*l, -3*l - 2*q - 5 = 2*l. Let f be 4/8 - l/2. Suppose -20*z - 1063 = -1503. What is the greatest common factor of f and z?
2
Let j be 0/(-2)*(-8)/(-24). Suppose 